{"id":34,"date":"2013-02-28T10:30:38","date_gmt":"2013-02-28T09:30:38","guid":{"rendered":"http:\/\/www.pecpisz.pl\/?page_id=34"},"modified":"2025-07-08T19:22:45","modified_gmt":"2025-07-08T17:22:45","slug":"organy-spolki","status":"publish","type":"page","link":"https:\/\/www.pecpisz.pl\/?page_id=34","title":{"rendered":"Organy Sp\u00f3\u0142ki"},"content":{"rendered":"<p>1. Zgromadzenie Wsp\u00f3lnik\u00f3w &#8211; Burmistrz Pisza<\/p>\n<p>2. Sk\u0142ad Rady Nadzorczej:<\/p>\n<p>Zenon Bednarczyk\u00a0 &#8211;\u00a0 Wiceprzewodnicz\u0105cy Rady Nadzorczej,<\/p>\n<p>Leszek Jerzy Leniec &#8211; cz\u0142onek Rady Nadzorczej,<br \/>\nMiros\u0142aw Majkrzak\u00a0 &#8211;\u00a0 cz\u0142onek Rady Nadzorczej,<br \/>\nArtur Banach\u00a0 &#8211;\u00a0 cz\u0142onek Rady Nadzorczej.<\/p>\n<p>3. Zarz\u0105d Sp\u00f3\u0142ki &#8211; jednoosobowy:<\/p>\n<p>Prezes Zarz\u0105du &#8211;\u00a0\u00a0Marek Znojek<\/p>\n<p>4. Prokurent &#8211; Anna Same\u0142ko<\/p>\n<p>Organ uprawniony do reprezentacji\u00a0 &#8211;\u00a0 Zarz\u0105d Sp\u00f3\u0142ki.<\/p>\n<p>Spos\u00f3b reprezentacji podmiotu &#8211; do sk\u0142adania o\u015bwiadcze\u0144 i podpisywania w imieniu Sp\u00f3\u0142ki upowa\u017cniony jest jednoosobowo Prezes Sp\u00f3\u0142ki z zastrze\u017ceniem, \u017ce: w razie powo\u0142ania Zarz\u0105du Sp\u00f3\u0142ki wieloosobowego do sk\u0142adania o\u015bwiadcze\u0144 i podpisywania w imieniu Sp\u00f3\u0142ki, s\u0105 upowa\u017cnieni \u0142\u0105cznie dwaj Cz\u0142onkowie Zarz\u0105du Sp\u00f3\u0142ki lub Cz\u0142onek Zarz\u0105du \u0142\u0105cznie z Prokurentem.<\/p>\n","protected":false},"excerpt":{"rendered":"<p>1. Zgromadzenie Wsp\u00f3lnik\u00f3w &#8211; Burmistrz Pisza 2. Sk\u0142ad Rady Nadzorczej: Zenon Bednarczyk\u00a0 &#8211;\u00a0 Wiceprzewodnicz\u0105cy Rady Nadzorczej, Leszek Jerzy Leniec &#8211; cz\u0142onek Rady Nadzorczej, Miros\u0142aw Majkrzak\u00a0 &#8211;\u00a0 cz\u0142onek Rady Nadzorczej, Artur Banach\u00a0 &#8211;\u00a0 cz\u0142onek Rady Nadzorczej. 3. Zarz\u0105d Sp\u00f3\u0142ki &#8211; jednoosobowy: Prezes Zarz\u0105du &#8211;\u00a0\u00a0Marek Znojek 4. Prokurent &#8211; Anna Same\u0142ko Organ uprawniony do reprezentacji\u00a0 &#8211;\u00a0 Zarz\u0105d [&hellip;]<\/p>\n","protected":false},"author":1,"featured_media":1064,"parent":0,"menu_order":0,"comment_status":"open","ping_status":"open","template":"","meta":{"footnotes":""},"categories":[6],"tags":[],"class_list":["post-34","page","type-page","status-publish","has-post-thumbnail","hentry","category-informacje-o-firmie"],"_links":{"self":[{"href":"https:\/\/www.pecpisz.pl\/index.php?rest_route=\/wp\/v2\/pages\/34","targetHints":{"allow":["GET"]}}],"collection":[{"href":"https:\/\/www.pecpisz.pl\/index.php?rest_route=\/wp\/v2\/pages"}],"about":[{"href":"https:\/\/www.pecpisz.pl\/index.php?rest_route=\/wp\/v2\/types\/page"}],"author":[{"embeddable":true,"href":"https:\/\/www.pecpisz.pl\/index.php?rest_route=\/wp\/v2\/users\/1"}],"replies":[{"embeddable":true,"href":"https:\/\/www.pecpisz.pl\/index.php?rest_route=%2Fwp%2Fv2%2Fcomments&post=34"}],"version-history":[{"count":61,"href":"https:\/\/www.pecpisz.pl\/index.php?rest_route=\/wp\/v2\/pages\/34\/revisions"}],"predecessor-version":[{"id":2816,"href":"https:\/\/www.pecpisz.pl\/index.php?rest_route=\/wp\/v2\/pages\/34\/revisions\/2816"}],"wp:featuredmedia":[{"embeddable":true,"href":"https:\/\/www.pecpisz.pl\/index.php?rest_route=\/wp\/v2\/media\/1064"}],"wp:attachment":[{"href":"https:\/\/www.pecpisz.pl\/index.php?rest_route=%2Fwp%2Fv2%2Fmedia&parent=34"}],"wp:term":[{"taxonomy":"category","embeddable":true,"href":"https:\/\/www.pecpisz.pl\/index.php?rest_route=%2Fwp%2Fv2%2Fcategories&post=34"},{"taxonomy":"post_tag","embeddable":true,"href":"https:\/\/www.pecpisz.pl\/index.php?rest_route=%2Fwp%2Fv2%2Ftags&post=34"}],"curies":[{"name":"wp","href":"https:\/\/api.w.org\/{rel}","templated":true}]}}

Organy Spółki

<p>1. Zgromadzenie Wspólników &#8211; Burmistrz Pisza</p>
<p>2. Skład Rady Nadzorczej:</p>
<p>Zenon Bednarczyk  &#8211;  Wiceprzewodniczący Rady Nadzorczej,</p>
<p>Leszek Jerzy Leniec &#8211; członek Rady Nadzorczej,<br />
Mirosław Majkrzak  &#8211;  członek Rady Nadzorczej,<br />
Artur Banach  &#8211;  członek Rady Nadzorczej.</p>
<p>3. Zarząd Spółki &#8211; jednoosobowy:</p>
<p>Prezes Zarządu &#8211;  Marek Znojek</p>
<p>4. Prokurent &#8211; Anna Samełko</p>
<p>Organ uprawniony do reprezentacji  &#8211;  Zarząd Spółki.</p>
<p>Sposób reprezentacji podmiotu &#8211; do składania oświadczeń i podpisywania w imieniu Spółki upoważniony jest jednoosobowo Prezes Spółki z zastrzeżeniem, że: w razie powołania Zarządu Spółki wieloosobowego do składania oświadczeń i podpisywania w imieniu Spółki, są upoważnieni łącznie dwaj Członkowie Zarządu Spółki lub Członek Zarządu łącznie z Prokurentem.</p>

<p>1. Zgromadzenie Wspólników &#8211; Burmistrz Pisza 2. Skład Rady Nadzorczej: Zenon Bednarczyk  &#8211;  Wiceprzewodniczący Rady Nadzorczej, Leszek Jerzy Leniec &#8211; członek Rady Nadzorczej, Mirosław Majkrzak  &#8211;  członek Rady Nadzorczej, Artur Banach  &#8211;  członek Rady Nadzorczej. 3. Zarząd Spółki &#8211; jednoosobowy: Prezes Zarządu &#8211;  Marek Znojek 4. Prokurent &#8211; Anna Samełko Organ uprawniony do reprezentacji  &#8211;  Zarząd [&hellip;]</p>
