{"id":86,"date":"2013-03-13T08:53:17","date_gmt":"2013-03-13T07:53:17","guid":{"rendered":"http:\/\/www.pecpisz.pl\/?page_id=86"},"modified":"2013-03-15T21:33:23","modified_gmt":"2013-03-15T20:33:23","slug":"mapa-strony","status":"publish","type":"page","link":"https:\/\/www.pecpisz.pl\/?page_id=86","title":{"rendered":"Mapa strony"},"content":{"rendered":"<div id=\"simple-sitemap-container-69ef50b58a67c\" class=\"simple-sitemap-container simple-sitemap-container-69ef50b58a67c tab-disabled\"><div class=\"simple-sitemap-wrap\"><h3 class=\"post-type\">Strony<\/h3><ul class=\"simple-sitemap-page main\"><li class=\"sitemap-item page_item page-item-600\"><a href=\"https:\/\/www.pecpisz.pl\/?page_id=600\">Archiwum<\/a><\/li>\n<li class=\"sitemap-item page_item page-item-59\"><a href=\"https:\/\/www.pecpisz.pl\/?page_id=59\">Ciep\u0142o sieciowe si\u0119 op\u0142aca<\/a><\/li>\n<li class=\"sitemap-item page_item page-item-64\"><a href=\"https:\/\/www.pecpisz.pl\/?page_id=64\">Ciep\u0142ownia<\/a><\/li>\n<li class=\"sitemap-item page_item page-item-77\"><a href=\"https:\/\/www.pecpisz.pl\/?page_id=77\">Dane kontaktowe<\/a><\/li>\n<li class=\"sitemap-item page_item page-item-42\"><a href=\"https:\/\/www.pecpisz.pl\/?page_id=42\">Dokumenty do pobrania<\/a><\/li>\n<li class=\"sitemap-item page_item page-item-87\"><a href=\"https:\/\/www.pecpisz.pl\/?page_id=87\">Formularz kontaktowy<\/a><\/li>\n<li class=\"sitemap-item page_item page-item-25\"><a href=\"https:\/\/www.pecpisz.pl\/?page_id=25\">Galeria<\/a><\/li>\n<li class=\"sitemap-item page_item page-item-36\"><a href=\"https:\/\/www.pecpisz.pl\/?page_id=36\">Historia<\/a><\/li>\n<li class=\"sitemap-item page_item page-item-805\"><a href=\"https:\/\/www.pecpisz.pl\/?page_id=805\">Informacja<\/a><\/li>\n<li class=\"sitemap-item page_item page-item-86\"><a href=\"https:\/\/www.pecpisz.pl\/?page_id=86\">Mapa strony<\/a><\/li>\n<li class=\"sitemap-item page_item page-item-4\"><a href=\"https:\/\/www.pecpisz.pl\/?page_id=4\">O firmie<\/a><\/li>\n<li class=\"sitemap-item page_item page-item-38\"><a href=\"https:\/\/www.pecpisz.pl\/?page_id=38\">Obs\u0142uga klienta<\/a><\/li>\n<li class=\"sitemap-item page_item page-item-2385\"><a href=\"https:\/\/www.pecpisz.pl\/?page_id=2385\">Ochrona danych osobowych<\/a><\/li>\n<li class=\"sitemap-item page_item page-item-2681\"><a href=\"https:\/\/www.pecpisz.pl\/?page_id=2681\">Ochrona Sygnalist\u00f3w<\/a><\/li>\n<li class=\"sitemap-item page_item page-item-34\"><a href=\"https:\/\/www.pecpisz.pl\/?page_id=34\">Organy Sp\u00f3\u0142ki<\/a><\/li>\n<li class=\"sitemap-item page_item page-item-2691\"><a href=\"https:\/\/www.pecpisz.pl\/?page_id=2691\">PODPISANIE UMOWY O DOFINANSOWANIE Z NARODOWYM FUNDUSZEM OCHRONY \u015aRODOWISKA I GOSPODARKI WODNEJ<\/a><\/li>\n<li class=\"sitemap-item page_item page-item-2496\"><a href=\"https:\/\/www.pecpisz.pl\/?page_id=2496\">Podpisanie umowy o dofinansowanie z Narodowym Funduszem Ochrony \u015arodowiska i Gospodarki Wodnej<\/a><\/li>\n<li class=\"sitemap-item page_item page-item-57\"><a href=\"https:\/\/www.pecpisz.pl\/?page_id=57\">Poradnik klienta<\/a><\/li>\n<li class=\"sitemap-item page_item page-item-32\"><a href=\"https:\/\/www.pecpisz.pl\/?page_id=32\">Przedmiot dzia\u0142alno\u015bci<\/a><\/li>\n<li class=\"sitemap-item page_item page-item-1800\"><a href=\"https:\/\/www.pecpisz.pl\/?page_id=1800\">Rolnicze zagospodarowanie popio\u0142u<\/a><\/li>\n<li class=\"sitemap-item page_item page-item-68\"><a href=\"https:\/\/www.pecpisz.pl\/?page_id=68\">Sieci cieplne<\/a><\/li>\n<li class=\"sitemap-item page_item page-item-61\"><a href=\"https:\/\/www.pecpisz.pl\/?page_id=61\">System ciep\u0142owniczy<\/a><\/li>\n<li class=\"sitemap-item page_item page-item-55\"><a href=\"https:\/\/www.pecpisz.pl\/?page_id=55\">Taryfa dla ciep\u0142a<\/a><\/li>\n<li class=\"sitemap-item page_item page-item-53\"><a href=\"https:\/\/www.pecpisz.pl\/?page_id=53\">Us\u0142ugi<\/a><\/li>\n<li class=\"sitemap-item page_item page-item-70\"><a href=\"https:\/\/www.pecpisz.pl\/?page_id=70\">W\u0119z\u0142y cieplne<\/a><\/li>\n<li class=\"sitemap-item page_item page-item-1384\"><a href=\"https:\/\/www.pecpisz.pl\/?page_id=1384\">Zach\u0119camy do segregowania odpad\u00f3w<\/a><\/li>\n<\/ul><\/div><\/div><br style=\"clear: both;\">\n","protected":false},"excerpt":{"rendered":"","protected":false},"author":1,"featured_media":0,"parent":0,"menu_order":0,"comment_status":"open","ping_status":"open","template":"","meta":{"footnotes":""},"categories":[],"tags":[],"class_list":["post-86","page","type-page","status-publish","hentry"],"_links":{"self":[{"href":"https:\/\/www.pecpisz.pl\/index.php?rest_route=\/wp\/v2\/pages\/86","targetHints":{"allow":["GET"]}}],"collection":[{"href":"https:\/\/www.pecpisz.pl\/index.php?rest_route=\/wp\/v2\/pages"}],"about":[{"href":"https:\/\/www.pecpisz.pl\/index.php?rest_route=\/wp\/v2\/types\/page"}],"author":[{"embeddable":true,"href":"https:\/\/www.pecpisz.pl\/index.php?rest_route=\/wp\/v2\/users\/1"}],"replies":[{"embeddable":true,"href":"https:\/\/www.pecpisz.pl\/index.php?rest_route=%2Fwp%2Fv2%2Fcomments&post=86"}],"version-history":[{"count":2,"href":"https:\/\/www.pecpisz.pl\/index.php?rest_route=\/wp\/v2\/pages\/86\/revisions"}],"predecessor-version":[{"id":130,"href":"https:\/\/www.pecpisz.pl\/index.php?rest_route=\/wp\/v2\/pages\/86\/revisions\/130"}],"wp:attachment":[{"href":"https:\/\/www.pecpisz.pl\/index.php?rest_route=%2Fwp%2Fv2%2Fmedia&parent=86"}],"wp:term":[{"taxonomy":"category","embeddable":true,"href":"https:\/\/www.pecpisz.pl\/index.php?rest_route=%2Fwp%2Fv2%2Fcategories&post=86"},{"taxonomy":"post_tag","embeddable":true,"href":"https:\/\/www.pecpisz.pl\/index.php?rest_route=%2Fwp%2Fv2%2Ftags&post=86"}],"curies":[{"name":"wp","href":"https:\/\/api.w.org\/{rel}","templated":true}]}}